n factor of z and n?
3
Let z = -14 + 119. Calculate the highest common factor of z and 63.
21
Suppose -4*v + 59 = 7. Suppose 0 = 6*z - z - 715. Calculate the highest common divisor of z and v.
13
Suppose -8*k = -12*k + 780. What is the greatest common divisor of k and 15?
15
Let x(r) = -7*r + 39. Let z be x(-22). Let m be z/7 - (-48)/112. Calculate the highest common factor of 140 and m.
28
Let o = 1515 + -1339. Suppose 22 = -0*m + m. What is the highest common divisor of o and m?
22
Suppose 11*o + o = 36. Suppose -n + 3 = 4, 5*n = -o*y + 49. What is the highest common divisor of 126 and y?
18
Suppose -3*z + 2*d = -z - 210, 0 = -z - d + 111. Let i = z + -28. What is the highest common factor of i and 20?
20
Suppose 4*w = -o, 3*w + 14 = -5*o - 3. Let t(p) = -p + 7. Let s be (10/(-15))/((-2)/12). Let f be t(s). Calculate the greatest common factor of w and f.
1
Suppose -222 = -79*v - 64. Let b = 57 + -39. What is the greatest common factor of b and v?
2
Suppose 0 = -w + 1 + 9. Let n(r) = -7 + 4*r**2 - r**2 - r**3 + w - 5. Let a be n(-2). What is the greatest common factor of 162 and a?
18
Let v be 3/6 + 123/2. Suppose r = -4, -4*o + r - v = -226. Calculate the highest common factor of 10 and o.
10
Let m = 68 + -36. Suppose -1280 = -126*z + 121*z. Calculate the highest common divisor of z and m.
32
Suppose q + 0*q - 19 = 0. Let p = q + -17. Suppose 0 = -d - 3, 0 = -4*y - 2*d - p*d + 212. Calculate the greatest common factor of 8 and y.
8
Let j be (-1006)/(-6) - (-3)/9. Suppose 260 = -4*z + 292. Suppose 0*t - z*t + j = 0. Calculate the greatest common factor of t and 7.
7
Let c be -35*(-15)/42*(-8)/(-10). What is the highest common divisor of c and 170?
10
Let w(y) = -y**3 + y**2 + 2*y + 1. Let i be w(2). Suppose -2*c - i = -4*x + 43, 2*x - 3*c - 14 = 0. Calculate the highest common divisor of 104 and x.
13
Suppose -2*i + 33*u = 31*u - 34, -i + 21 = -2*u. Suppose 4*p = 5*y - 55 - 384, 190 = 2*y + 2*p. What is the highest common divisor of i and y?
13
Suppose 28*g - 30*g = -10. Let b be (g + -11)*(-21)/6. What is the greatest common factor of b and 147?
21
Let o be (-3)/(2 - 7/2). Let n be 138 + (o + 2)/(-2). Suppose 4*r - 75 = b, -9*b + 11*b + 65 = 3*r. What is the greatest common divisor of r and n?
17
Let r = 111 - 105. Suppose -11*x + 39 = -8*x. Let w = x - -17. What is the greatest common factor of w and r?
6
Let s be -14 - ((-1 - 0) + -1). Let m = -12 - s. Suppose m*h = 4*h - 48. What is the greatest common factor of 60 and h?
12
Let u be 39*1*-12*(-46 - -43). Calculate the greatest common divisor of 216 and u.
108
Suppose 3900 = 8*f - 3*f. Suppose 2*x = -2*x + f. Suppose -x = p - 4*p - 5*b, 4*b - 325 = -5*p. Calculate the greatest common divisor of 26 and p.
13
Let a(y) = y**3 - 8*y**2 + 2*y - 9. Let k be a(8). Suppose -n - 13 = -k. Let f = 9 + n. What is the greatest common divisor of 3 and f?
3
Suppose -o - 3*o = 5*d - 52, -4*d + 38 = 5*o. What is the highest common divisor of 732 and d?
12
Let i = 9 - -5. Let s = i - -1. Let v = -2 + 5. What is the highest common divisor of v and s?
3
Suppose 184*b = 183*b - u + 416, -2120 = -5*b + 5*u. What is the highest common divisor of 224 and b?
28
Let q(o) = o**2 + 9*o + 8. Let w be q(-15). Calculate the highest common divisor of w and 147.
49
Let k = 9 + 53. What is the highest common factor of k and 217?
31
Let q = 1651 + -897. Calculate the highest common factor of q and 58.
58
Let d(k) = k**2 - 7*k + 10. Let q be d(5). Suppose q = h + h - 196. Suppose -h = -4*m + 42. Calculate the greatest common factor of 5 and m.
5
Let m be 6/3 - (1 - 5 - -1). Suppose 3*q = -2*q. Suppose q = -u + 2 + 3. What is the greatest common divisor of u and m?
5
Let f = 596 + -299. What is the highest common factor of 11 and f?
11
Let f(g) = -g**2 - g - 5. Let x be f(4). Let w be (-4)/6 + x/(-15). Suppose w = i - 3. Calculate the greatest common divisor of i and 10.
2
Let f be 18/(-12)*(-40)/(-45)*-24. What is the greatest common factor of 4 and f?
4
Suppose g - 4*g = 0. Suppose 3*j + z - 219 = g, -4*z - z + 375 = 5*j. Let q be 74/10 - 24/(-40). What is the highest common factor of q and j?
8
Let b = 85 + -35. Let x(j) = 4 - 8 + 0 + b*j. Let y be x(2). Calculate the greatest common divisor of y and 24.
24
Let u(g) = -113*g - 81. Let y be u(-5). What is the greatest common divisor of y and 44?
44
Let v(w) = -4*w**3 + 1. Let m be (-3)/15 - 36/45. Let r be v(m). Calculate the greatest common factor of 5 and r.
5
Let z(x) = -x**3 + 8*x**2 + x + 6. Let d be z(8). Let a be (4/3)/(d/315). Calculate the highest common divisor of 20 and a.
10
Let g be 5/((-75)/(-6)) + 17976/60. What is the highest common divisor of g and 12?
12
Suppose 156 - 506 = -5*h. Let s = 137 - 127. What is the highest common factor of s and h?
10
Let i be (-1)/(-2)*(91 + -31). Let s be (-285)/(-18) - (-5 - (-145)/i). Calculate the highest common factor of 40 and s.
8
Let z be 0 + 0 + 0 + 13. Let o = z + -10. Suppose o*g + 2*q + 0 = 8, 4*g - 12 = -4*q. Calculate the highest common divisor of 18 and g.
2
Suppose 5*q + 16 = 2*i - 13, -4 = 3*i + 2*q. Let m(n) = 17*n + 18. Let k be m(-1). Calculate the highest common divisor of i and k.
1
Let d be (-144)/(-112) + -1 + 278/7. Suppose -2 - 3 = -i. Calculate the greatest common divisor of d and i.
5
Let a(z) = z**2 + 4*z - 40. Let g be a(5). What is the highest common divisor of g and 35?
5
Let a(z) be the third derivative of z**6/120 - z**5/60 + z**4/8 - 7*z**3/6 + 6*z**2. Let j be a(3). What is the highest common factor of j and 8?
4
Let y(u) = u**3 + u**2 + 1. Let l(z) = 5*z**3 + 9*z**2 + 3*z + 7. Let n(p) = l(p) - 6*y(p). Let w be n(3). What is the highest common factor of w and 110?
10
Suppose -161 = -5*a + 34. What is the greatest common factor of a and 195?
39
Let b = 10 - 8. Suppose -5*j + 29 = 5*n - 11, b*j - 22 = -5*n. Suppose j*h = 72 + 126. Calculate the highest common factor of 3 and h.
3
Let v be 3/12 - (-35)/20. Suppose 0 = -v*k + 9 - 1. Suppose 5 = -k*c + 105. What is the highest common divisor of 200 and c?
25
Let y be (27/(-18) + 2)*(47 + 1). Calculate the highest common divisor of y and 664.
8
Let p be (-433)/5 + 4/(-10). Suppose 1637 - 377 = -10*b. Let o = p - b. What is the highest common divisor of o and 13?
13
Let r = 61 + -56. Suppose r*w + 4 = 5*k + 114, w - 7 = 4*k. Calculate the highest common factor of 9 and w.
9
Let t = 10 + -7. Suppose 0*n + 5*n + 32 = 3*g, -39 = -4*g + t*n. Let w = 7 + g. What is the greatest common divisor of 16 and w?
16
Suppose -29*s = -33*s + 304. Calculate the highest common divisor of s and 361.
19
Suppose -a + 2*i = -0*i - 130, -382 = -3*a + 4*i. Suppose -2*f + a + 88 = 0. Let x = 46 + -31. Calculate the greatest common divisor of x and f.
15
Let s(h) = -h**2 - 14*h - 4. Let m be s(-11). Suppose k - 1 = m. What is the greatest common divisor of 10 and k?
10
Let d be (0 - -4*2)*(-3)/(-6). Suppose -3*x = -x - d*q - 216, -x - 5*q + 80 = 0. What is the highest common divisor of x and 20?
20
Let i(t) = -t**2 - 13*t + 2. Let a be i(-15). Let b = a + 64. Let r be 1/4 + (-46)/(-8). What is the highest common divisor of b and r?
6
Let m = -19 + 32. Let l = -150 + 263. Suppose q + l = 4*q - 4*u, 2*q = -4*u + 82. What is the highest common factor of m and q?
13
Let s be (-169)/(-3) - 16/(-24). Calculate the greatest common factor of 6 and s.
3
Let d be -7 - 36 - (-4 - -1*2). Let o = d + 76. What is the greatest common factor of 10 and o?
5
Let j = -41 - -37. Let r be (j + (-36)/(-8))*6. What is the greatest common factor of 1 and r?
1
Let b = -175 + 189. Calculate the greatest common factor of b and 532.
14
Let f be 3*(-1*(4 - -13))/(-3). Suppose 2*b - 112 = 5*i, 0*i = 5*b + i - 253. What is the greatest common factor of f and b?
17
Suppose -5*n + 202 = -228. What is the greatest common factor of 4 and n?
2
Let y(z) = -z**3 - 13*z**2 - 12*z - 4. Let w be y(-12). Let o be ((-10)/(-8))/(w/(-112)). Calculate the highest common divisor of o and 5.
5
Let f(w) = 4*w + 8. Let q be f(6). Calculate the greatest common factor of 8 and q.
8
Let l(f) = -8*f**3 - 3*f**2 + 2. Let h be l(-2). Let y = h + 1. Calculate the highest common divisor of y and 22.
11
Let h = -12 - -12. Suppose o = 3*o - 4*w - 78, 2*o + w - 68 = h. Calculate the greatest common factor of o and 5.
5
Let u